 - ((13 - (4 + 1)) + 1)
-1
Evaluate 9 - (3 + 30 + 12).
-36
(19 - 36) + -104 + 6 + 1 + (-156 - -154)
-116
Calculate -6 + 25 + 1 + (-8 - 9) + 38 + -1.
40
What is -97 - (124 + -219) - (-1 - 38 - (-2 + -1))?
34
(244 - 79) + -149 - (-18 + -1 - 2)
37
(-85 - -30 - -98) + -66
-23
-1 - 111 - (-1546 - -1379)
55
What is 7 - (-27 + (45 - 11 - 13))?
13
-1 + -5 - (-6 + -10 + 47)
-37
Calculate -5 - (-9 - (42 + (0 - 1))).
45
0 + -90 + -119 + 233 + -83
-59
What is the value of 0 - -86 - (0 - -55 - (1319 - 1272))?
78
Calculate (-7 + -73 - -28) + (47 - 4).
-9
Evaluate (-58 - (-112 - -55)) + 54.
53
(0 - 10) + (1 + -15 - (-33 + 54))
-45
What is (0 - -47) + (3763 - 3918)?
-108
Evaluate -74 + 44 + 7 + -21.
-44
Calculate 14 - (18 + -10 + 4 - 32).
34
Calculate (-3 - -20) + -3 + -75 + 43 + 8 - -120.
110
-3 - -1 - (3133 + -3070)
-65
What is the value of 15 + (-2 + -7 + 1 - (20 + -15))?
2
What is the value of -12 + (-6 - -8) + (13 - 5) - 11?
-13
What is (-28 - -7) + (-21 - -13) + -21?
-50
Calculate -12 + (-60 - (30 + -62)) + (0 - 3).
-43
Evaluate 4 + (-23 + (14 - (1 + 1)) - -6 - -8).
7
Evaluate (14 + 90 + -15 - 33) + 31.
87
Evaluate 40 + (5 + -9 - 9 - (-25 - -8)).
44
What is 21 - 2 - (-32 - 45 - -26 - -47)?
23
Evaluate -15 + 13 + -3 + -2 + 40 + -40 + 79.
72
Calculate -6 + (-8 - (1 - 2) - (-1 + -10)).
-2
What is (-35 - (-161 + 106)) + -33 + 0?
-13
Evaluate 6 + 0 + -1665 + 1682 + -79.
-56
Calculate -45 + -3 + -6 + (12 + -19 - -9).
-52
Evaluate 1 + 14 + 14 - -9.
38
Evaluate -15 + -11 + 63 + -4 + -10.
23
What is the value of -111 + (68 + -60 - -75)?
-28
-77 + (-77 - (-155 - -68))
-67
-3 + -1 + 0 + (-30 - (7 - 9 - 21))
-11
-7 - (113 + -66 - (3 + -1 + 3 + -2))
-51
What is 180 + -171 + -5 + (26 - (-2 + -3))?
35
(11 - (18 + 19)) + 27
1
What is the value of (15 - (3 - -3)) + -31 + 7 + -53 + -13?
-81
(-3 + 0 + 3 - 28) + (145 - 156)
-39
Evaluate -5 + 1 + (-12 - (11 + -42)) + 21.
36
Calculate 86 + (-96 - (-55 + 89)).
-44
(11 - (13 + 8 + -37 + 20)) + -7 + 0
0
Calculate 3 + 0 + 3 - -6 - (14 - -18).
-20
Calculate -19 + (17 - 1 - 11) - -56.
42
Evaluate (-9 - -13) + (7 - -52).
63
Calculate -37 - 8 - (228 + -217).
-56
What is the value of 452 - 459 - ((1 - -38) + 1 + 1 + -2)?
-46
What is the value of -52 + (-24 - -11 - (-20 + 6))?
-51
(28 - 28) + 11 + -12 + 48 + 2 + -2
47
What is the value of -7 + -16 + 31 + -97 + 9?
-80
1371 - 1331 - ((8 - -1) + 0 + -2)
33
(-84 - (9 - -3)) + 17 + -37 + 24
-92
What is 1 + 27 + (126 + -70 - 44)?
40
What is the value of -1 + -10 + (-1 - 9) + 18?
-3
Calculate (-20 + 32 - 2) + -2 - -7 - 80.
-65
Evaluate -1 - 9 - (45 + -6 + -19 + (19 - 6)).
-43
What is 65 - (31 - 44) - 21?
57
Evaluate 9 + -19 + 2 + 5 + (6 - 97) - 9.
-103
Calculate (-65 - (47 + -77)) + 3.
-32
What is the value of 3 - (1 + 4) - (115 + -52 + -58)?
-7
What is the value of 1058 - 1082 - (24 - -6)?
-54
Evaluate 9 - (-1 + (60 - 2) + (-593 - -591)).
-46
41 - (-77 - (-28 - 29))
61
What is ((35 - 20) + -25 - -11) + 12?
13
Calculate -16 - 25 - (-241 + 155).
45
(0 - -18 - 26) + (-3 - (109 - (18 + -8)))
-110
Evaluate 9 + -29 - -39 - (-42 + -5 + -16).
82
Calculate 0 + (-12 - 0 - -3) + 10 + -11.
-10
What is -8 + (12 + -4 + -12 - -51) + 2?
41
Evaluate (-52 + -14 - -61) + (-15 - (12 + -7)).
-25
-8 + -23 + -7 + 27
-11
What is the value of 49 + -83 + 54 + -40?
-20
What is (3 - -82) + -133 - -100?
52
Evaluate -183 + 12 + (13 - (-14 - 6)).
-138
Calculate 18 + 1 + -4 + 1 + 0 + 0.
16
What is the value of -1 + 7 + -10 - (-8 + 10 + (9 - 12))?
-3
Calculate -10 - (-18 + (30 - (-4 + 19))).
-7
What is the value of 16 + 15 - (-29 + 36 - 46)?
70
Calculate (-18 - 1) + (40 + (21 - 38) - 37).
-33
What is the value of 6 + 46 + -17 + -21?
14
What is the value of 39 + 18 + (3 - 23 - (27 - 28))?
38
Evaluate 21 + (-21 - -2) - (13 - -57 - 2).
-66
Calculate (-4 - 20 - (-78 + 56)) + 10.
8
What is 1 + -17 + 1 - (21 - (5 - 24) - 30)?
-25
Evaluate -9 + -19 + 5 + -9 - (-8 - 1).
-23
Calculate (75 - (167 - 148)) + -3 + 1 + 1.
55
Evaluate -7 + (33 - 14 - (16 - 12)) - (-1 - -6).
3
What is 34 + 0 - (-1 - (6 - 6 - -10) - -16)?
29
-301 + 312 + -20 + 1 - (-6 + 0)
-2
What is the value of -1926 - -1864 - (0 + 1 + -19)?
-44
-7 + 3 + (-25 - -10) + 8 - -12
1
What is the value of -8 - (-58 + 0 + (63 + -126 - -66))?
47
Calculate 39 - 1 - (-2352 - -2319).
71
Evaluate 16 - 2 - 26 - -7 - -36.
31
-132 - (-79 - 31) - -40
18
What is -6 - (-240 + (211 - 55))?
78
What is the value of 107 - 113 - (-1 - 2 - 3 - (6 + 54))?
60
What is (-17 - (15 + -16 + 2 + (-6 - -1))) + -2?
-15
22 - ((-11 - -17) + -4 + 5)
15
What is the value of (56 - 6 - 22 - 119) + 14?
-77
-66 - ((-28 - -36) + -29)
-45
What is the value of -1 - -84 - (-8 - (-41 - -45 - (9 + -2)))?
88
What is the value of (16 - 54) + (17 - (-2 - 3 - -14))?
-30
Evaluate -42 + (75 - (26 - 2)).
9
Evaluate -47 - (3 - (5 + 3)) - (-4 - (1 - 4)).
-41
What is 8 + 1 + -18 + 13 + -1 + -10 + 60?
53
What is 2797 + -2763 + (11 - 0)?
45
What is 95 - 94 - (-8 - -2 - (-44 - -4 - 7))?
-40
What is the value of -27 - ((45 - 50) + -23)?
1
117 + 19 + -92 - 26
18
7 + 3 + -4 + -8 - (4 - 4)
-2
What is 7 + (-6 + 7 - 80) - (-109 - -105)?
-68
Evaluate -63 + 8 + -40 - -137.
42
Evaluate -24 - (-52 - (-39 - -32)).
21
What is the value of 40 - (86 + -54 - -21)?
-13
Calculate 4 + -5 + -8 + 5 - (-5 + -18).
19
Calculate (6 + 2 - (161 + -152)) + (1 - (2 - 26)).
24
Calculate -148 - -139 - (-19 - -3 - (8 + -4)) - 8.
3
Evaluate 7 - (6 + -42 + 8).
35
What is 1 + -9 + 291 + -300 + 3?
-14
0 + 14 - (-27 + (-2 - (-2 + 3)) + 110)
-66
What is the value of -3129 - -3141 - (4 + 0 + (5 - 3))?
6
What is (-2 - 106) + -101 + 147?
-62
What is the value of 2249 + -2162 - (232 + 2)?
-147
(-4 - -44) + (276 - 288)
28
What is -27 - (-16 + 29 - (12 - 1))?
-29
Calculate (-15342 - -15327) + 1 + (3 - -1).
-10
What is (-30 - (-5 + -16)) + (-2 + -7 - -60)?
42
Calculate 1587 + -1583 - (-3 + (79 - -5)).
-77
Evaluate 2 + -6 + -19 - (-210 - -208).
-21
What is the value of 1 - (2 + -9) - ((34 - (31 + 25)) + 31)?
-1
What is -1 + (-5 - (72 - 14 - (0 + (-2 - 5))))?
-71
Calculate -17 + 3 + (2 - 0) - (-2144 + 2082).
50
What is the value of -58 - (12 + (-58 - -33 - (2 - 12)))?
-55
Calculate 5 - (20 + -8 + (-5 - 19) + 13).
4
What is 104 + -52 - (-6 - (4 - 30))?
32
Evaluate (652 - 653 - (-17 - 0)) + -21.
-5
What is (2 - 1) + (6 - -12) + -18 + -13 + -23?
-35
Evaluate (-31 - 43) + -28 - (2 - 32).
-72
-258 + 216 + 44 + -7 + 0
-5
What is -34 - -28 - -39 - (2 - 5)?
36
Evaluate 36 + (20 - (5 - -2) - 1 - 9).
39
Evaluate (-14 - -23 - 106) + -9 + 20 + (0 - -11).
-75
What is (4 - (-62 - -82)) + 39 + -2?
21
What is 120 - (23 + 18 - (-3 + -6 - -30))?
100
What is the value of -4 - (11 + 11 + (3 + -7 - 3) + 44)?
-63
Calculate (-27 - 25) + -12 + 1.
-63
Evaluate (-50 - -95) + 90 + -24.
111
What is the value of 6 + -9 + 4 + -5 + 248 + -251?
-7
Evaluate 28 + -10 + 10 + 37.
65
Calculate ((-5 - -4) + 6 - (-137 - -192)) + -4.
-54
(-2 - -10 - (-23 + 10)) + 20 + 0
41
Calculate 64 - (-1 + 4 - 2 - (-24 + 7)).
46
What is the value of -1 - -7 - (-660 - -665)?
1
Evaluate -189 - (69 + -177) - -154.
73
What is -278 - (-291 + 53) - (-1 + (1 - 2)) - 8?
-46
Evaluate -6 + (1 + 53 - (-201 + 210)).
39
What is the value of -43 + 10 + -1 + -1 + -2 + -6?
-43
88 - 335 - (-208 - -70)
-109
8 + 1 + (3 - 11) + -44 + -10
-53
Calculate (-149 - 1) + (-18624 - -18687).
-87
Calculate -37 + -32 + (52 - 9) - -105.
79
What is the value of 3 - 17 - (-78 + 25 + -27)?
66
Evaluate -26 + 65 + -71 - 60.
-92
Calculate 1862 + -1836 + -38 + 4.
-8
What is the value of 209 + -41 + -11 + -1 + -40?
116
What is (43 - (4 + -2)) + 259 + -274?
26
Calculate 1 - ((-56 - -21) + 30 - (3 + 6 - -1)).
16
Evaluate 1 + -9 + -4 + (8 - (64 - 32)).
-36
What is the value of 13 + (-62 - (10 - ((8 - 22) + 23)))?
-50
Evaluate (74 - (-57 - -51)) + -160.
-80
-53 + (19 - 27) + 5
-56
What is -2 + 12 + (-30 - -24 - (-3 - 8) - 31)?
-16
(7 - -1) + (-65 - (10 + 3 + -5 - 5))
-60
What is the value of -1378 - -1288 - (-1 + (11 - (-1 + 1)))?
-100
What is 5 + -17 - (-2 - 4 - -77)?
-83
-2 - (8 + (-2 - 17) + (-70 - -67))
12
What is (67 - 7) + -25 - 21?
14
What is 6 + 54 + -42 + -36?
-18
What is -13 - (17 + -109 - (-28 + 8))?
59
What is -4 - (4 + 14 - (-39 + 36))?
-25
Evaluate 17 - (43 + -5 + -32 - 45).
56
Evaluate -31 + (30 - (-59 + 31)).
27
What is 1578 + -1556 + (2 - (79 + -2))?